0 = 2*o - 4*c - 0*c, k*o + c - 58 = 0. List the prime factors of o.
11
Let q(n) = -5*n - 1. Let c be q(-2). Let x = 19 - c. What are the prime factors of x?
2, 5
Let a(b) = b**3 - b**2 - 4. Let i(t) = t**3 - t. Let q(m) = a(m) - 3*i(m). List the prime factors of q(-3).
2
Let b = 3 - -3. Suppose -p + 13 = -b. List the prime factors of p.
19
Let y(h) = -h - 10. Let m be y(-10). Suppose 4*t + 3*o = 7*o + 40, m = -4*o + 8. List the prime factors of t.
2, 3
Let c(v) = -19*v - 6. Let b be c(-5). Suppose -11 = 2*i - b. List the prime factors of i.
3, 13
Suppose -12*o = -14*o + 246. List the prime factors of o.
3, 41
Let y = -29 + 126. Suppose o - 4*w + y = 6*o, -2*o = -4*w - 22. What are the prime factors of o?
17
Let x be 30/4*28/(-35). What are the prime factors of (x + 0)*20/(-6)?
2, 5
Suppose 34 = 2*c + 4*x, 2*c + 2*c - 38 = -2*x. Suppose 0 = 4*r + p - 3, p - 2 + c = 0. Suppose -r*b = -21 - 11. What are the prime factors of b?
2
Let q(m) = -m**3 - 11*m**2 + 9*m + 12. What are the prime factors of q(-12)?
2, 3
Suppose -1 + 0 = x. List the prime factors of 4/(-12)*45/x.
3, 5
Let i = -1 - -9. Let a = i + -4. Suppose -o = a - 13. List the prime factors of o.
3
Suppose -2*w + 2 = -w. Suppose -s - s + 4*k + 22 = 0, -w*s + 5*k = -24. List the prime factors of s.
7
Let d(j) = 2*j**3 - 6*j**2 + 2*j - 3. Let s be d(4). Let u = s + -22. List the prime factors of u.
3, 5
Suppose -112*u = -110*u - 184. What are the prime factors of u?
2, 23
Let d be ((-469)/14)/(2/(-8)). Let t be 2 - 7 - -3 - d. List the prime factors of 6/15 - t/10.
2, 7
Let w(p) = 10*p**2 - p + 1. Let i be -5 + 7 + 0 + -4. What are the prime factors of w(i)?
43
Let k be 8/44 + 515/11. Suppose 0 = 2*m - 37 - k. What are the prime factors of m?
2, 3, 7
List the prime factors of -6*(-4)/8 - -19.
2, 11
Suppose -7 = 37*f - 38*f. Suppose -8 = 4*z - 5*d, 5*z + 0*d + 10 = 4*d. Let j = z + f. List the prime factors of j.
5
Let i(q) = 4*q**2 - 3*q - 11. What are the prime factors of i(-6)?
151
Let q = 45 - 19. Let c = q + -10. List the prime factors of c.
2
Suppose -3*s = 4*i - 16, -4*s + 5*i = -7 - 4. What are the prime factors of -2*(s - (-44)/(-8))?
3
Let h(u) = -6*u - 4. Let b be h(-5). Suppose -3*r + 5*r = b. What are the prime factors of r?
13
Suppose -1 + 5 = -c, c = r - 9. What are the prime factors of r?
5
Let n be (-116)/6*(-3)/2. Let y = n - 16. What are the prime factors of y?
13
Suppose 2*i + 5*l - 21 = 0, -2*i + l - 4*l + 15 = 0. Suppose -p = -0 - i. Suppose -3*o + 30 = p. List the prime factors of o.
3
Suppose h - 18 = i, 27 = -h + 2*h + 2*i. Let t = 7 + h. List the prime factors of t.
2, 7
Suppose 156 = 4*g + 5*s + 45, 2*g + 4*s = 54. Suppose -3*x - 2 + g = 0. What are the prime factors of x?
3
Let f = -10 - -15. Suppose f*v - 150 - 70 = 0. What are the prime factors of v?
2, 11
Let d = -7 + 10. Suppose -3*o + 3*a = -87, -5*a - 49 = d*o - 4*o. Suppose 60 = 5*j + p, 0*j + 2*j + 4*p = o. What are the prime factors of j?
2, 3
Let n = -13 - -13. Let i(l) = l**2 + l + 19. List the prime factors of i(n).
19
Let d = -82 - -119. What are the prime factors of d?
37
Suppose 0 = -4*r + 2*r - 40. Let o = r + 35. List the prime factors of o/(-2)*8/(-12).
5
Let d = -2 + 8. Suppose -5*u + 16 = d. Suppose -4*s + 1 - 4 = 5*m, -4*s = u*m - 6. What are the prime factors of s?
3
Let j = 146 + -111. List the prime factors of j.
5, 7
Suppose -6 = 4*r - 14. Suppose 0 = -0*s + s - r. Suppose -3*w = 2*t - 7*t - 17, s*w = -5*t + 3. List the prime factors of w.
2
Let d = 572 + -247. What are the prime factors of d?
5, 13
Let b(u) = -5*u - 5. Suppose 1 = -r + 3. Let k(l) = -l**3 + 2*l**2 - 2*l. Let d be k(r). What are the prime factors of b(d)?
3, 5
List the prime factors of (-2 + 0)*(-9)/2.
3
Suppose -2*h + 445 = -3*k, 2*h + 5*k = 3*k + 430. List the prime factors of h.
2, 109
Suppose 4*o = -o. Suppose o*x - 39 = -3*x. What are the prime factors of x?
13
Suppose -t - 2*p - 13 - 13 = 0, -109 = 5*t + 3*p. Let f = t + 8. What are the prime factors of (3/2)/((-2)/f)?
3
Let u(c) = -c + 120. List the prime factors of u(7).
113
Suppose 5*z = -5 + 15. Suppose -3*g = 2*g + z*v - 173, 4*g + 5*v = 152. What are the prime factors of g?
3, 11
Let f(q) = 3*q**3 - 2*q**2 - 8*q + 2. Let d(m) = m**3 + m**2 - m + 1. Let z(b) = 4*d(b) - f(b). List the prime factors of z(-5).
7
Suppose -17 = -p + 3*o, p - 2*o = -o + 7. Suppose 0 = -13*z + 9*z + 56. Suppose f - p = z. List the prime factors of f.
2
Suppose 0*v + 128 = 2*v. List the prime factors of v.
2
What are the prime factors of 3*-1*(-15 - -6)?
3
Let j be 2/(-6) - 96/(-18). Let f be (-3)/j - (-4)/(-10). Let d = f + 3. What are the prime factors of d?
2
Let l(z) = -z**3 + z**2 - z + 25. Let f(r) = -r**3 + 3*r**2 - r + 3. Let i be f(3). List the prime factors of l(i).
5
Let s = 15 + -11. Suppose s*y - 69 = v - 2*v, 0 = -5*y + 4*v + 81. What are the prime factors of y?
17
Suppose 9*y + 3*y - 1092 = 0. List the prime factors of y.
7, 13
Let w(u) be the third derivative of u**4/24 - 4*u**3/3 - 4*u**2. Let p be w(12). Suppose p*y + 56 = 8*y. List the prime factors of y.
2, 7
Suppose 246 - 82 = q. List the prime factors of q.
2, 41
Let j(l) = l + 6. List the prime factors of j(5).
11
Let r(g) = -g**2 - 32*g - 42. List the prime factors of r(-23).
3, 5, 11
Let t be (-2)/(-6) - 357/(-9). Let g = -27 + t. List the prime factors of g.
13
Suppose 3*r - 8 = 28. Suppose -i = -x - 11, r = 2*i + 5*x - 10. What are the prime factors of i?
11
Let g(q) be the third derivative of q**4/6 + q**3/6 - 6*q**2. Suppose 0 = -2*d + h + 1, -4*d - 9 = 2*h - 23. List the prime factors of g(d).
3
Let l(v) = 9*v. Let t be l(1). Let y = t - 3. List the prime factors of y.
2, 3
What are the prime factors of (-1 - (-2 - -30))/(7/(-14))?
2, 29
Suppose 4*q - 43 = 5*f + 95, 0 = 3*q + f - 94. List the prime factors of q.
2
Let h(f) = 3*f**2 - 5*f + 2. What are the prime factors of h(3)?
2, 7
Let l be (2 - 2)/(1/1). Suppose l = f + 4*f - 225. List the prime factors of f.
3, 5
Let o be (-74)/((-2)/1) - 4. What are the prime factors of (2 - 3)*(1 - o)?
2
Suppose -i + 5*t = 10, 0 = 4*i + i - 4*t + 8. Let k = 12 - i. What are the prime factors of k?
2, 3
Let t = 414 - 0. What are the prime factors of t?
2, 3, 23
Suppose -27 = u - 9. Let m be (-2)/(-9) - 50/u. Suppose m*k = -0 + 6. What are the prime factors of k?
2
Suppose -r = 3*r - 24. Let f = -4 + r. What are the prime factors of 6 + (f - (-6)/(-2))?
5
Let j = 10 + -14. What are the prime factors of 17/((-6)/2 - j)?
17
Suppose 3*s + 2*s - 1587 = -2*y, -2*y = s - 319. List the prime factors of s.
317
Let r = 53 - -10. List the prime factors of r.
3, 7
Let j(f) = f**3 - 3*f**2 + 2*f + 4. Let r be j(3). Suppose r*o - 5*o - 45 = 0. List the prime factors of o.
3
Let t = 6 + -1. Suppose t + 5 = -5*g. What are the prime factors of ((-3)/5)/(g/30)?
3
Let g = -222 - -311. What are the prime factors of g?
89
Let p = 88 + -46. List the prime factors of p.
2, 3, 7
Suppose -8*a = -10*a + 70. What are the prime factors of a?
5, 7
Suppose -4*a + 55 = a. Suppose -4*n + 3*p + 37 = 0, a*p - 51 = -2*n + 6*p. What are the prime factors of n?
13
Let t be 1 + 2*(-1)/2. Let q be -1*(-5 - t) + -2. Suppose -3*i - 5 = -q*o - 4*i, -2*o - 2*i + 2 = 0. List the prime factors of o.
2
Suppose 749 = 15*y - 8*y. List the prime factors of y.
107
Suppose 0 = -9*p + 4*p. Suppose 0 = d - 2*f + 6, d + 2*f = -p*f - 22. Let z = d - -26. List the prime factors of z.
2, 3
Let x be 2/6*(2 - -25). Suppose 0 = 3*t - 0*t - x, -4*b - 2*t + 54 = 0. List the prime factors of b.
2, 3
Suppose 0*s + 4*s + 5*x = 33, -5*x + 23 = -s. Suppose -z = -s*z + 5. List the prime factors of z.
5
Let z(u) = -2*u + 7. Let n(i) = 5*i - 15. Let w(m) = 3*n(m) + 7*z(m). Let h be w(-5). List the prime factors of (-2)/h*11/2.
11
Suppose -s - 2*f + 82 = 0, 2*s - 296 = -s + 4*f. What are the prime factors of s?
2, 23
Suppose -2*n - 4*n = -258. List the prime factors of n.
43
Suppose -4 = k - 2*o, -5*k = 4*o - 4 - 4. Let z be (k - -2) + -4 + -5. Let q(h) = -2*h - 6. What are the prime factors of q(z)?
2
Let b = 19 - 28. Let c be ((-6)/5)/(4/(-20)). List the prime factors of 52/c - 3/b.
3
Suppose -4*m - 24 = 4*y, 3*y = 4*m - 3*m - 14. Let p(j) = 14*j**2 - 1. Let q(u) = u**2. Let b(z) = p(z) - 5*q(z). What are the prime factors of b(m)?
